- 35 = -3*w + 106. Calculate the greatest common factor of 6 and w.
6
Let b(x) = 20*x**2 + 2*x - 1. Let q be -2 - (16/(-4) - -1). Let w be b(q). Calculate the highest common divisor of 3 and w.
3
Let g be 2 + 2/(-2) - -2. Suppose 41*h - 37*h = 12. What is the highest common divisor of h and g?
3
Let l = 230 + -204. Calculate the highest common divisor of 169 and l.
13
Let l = 2 + -2. Suppose 5*g + 59 - 199 = l. Suppose 0 = 10*z - 36 - 4. What is the highest common factor of g and z?
4
Let o be 36/2*6/9. Let y be (0 + -1)/(-1) - -131. Calculate the highest common factor of y and o.
12
Suppose 2*n + 14 = -s + 64, 2*s = 5*n + 64. Suppose 5*l - 692 = -s. Calculate the greatest common factor of 26 and l.
26
Suppose -16 = -2*a - 2*a. Suppose 2*b = -4*p + 34, -a*p - 19 = -4*b + 109. What is the greatest common factor of 9 and b?
9
Let u be 4*1 + (9 - 11). Suppose -4*w = -w. Suppose w*r - 40 = -5*c + u*r, -2*r + 10 = 0. Calculate the greatest common factor of 110 and c.
10
Let o(p) = -15*p - 10. Let z be o(-3). What is the highest common factor of z and 14?
7
Suppose 0 = 4*m - 3*m + 3. Let d = -7 - m. Let f = d + 9. What is the highest common divisor of 1 and f?
1
Let s(r) = r**3 - r**2 + 2*r - 2. Suppose 3*y + 0 - 6 = 0. Let q be s(y). Let k(v) = -4*v + 12. Let z be k(-9). What is the greatest common divisor of z and q?
6
Let c(z) = 34*z - 11. Let w be c(1). What is the greatest common factor of w and 92?
23
Let v(j) = -j**3 + 3*j**2 + 5*j - 2. Let d be v(3). Calculate the greatest common factor of 104 and d.
13
Let k(n) = n**3 + 6*n**2 + n - 1. Let p be k(-3). Suppose -34 = -2*r + 288. What is the highest common factor of p and r?
23
Let s(b) = 4*b. Let h be s(3). Suppose 0 = -6*c + 3*c - h. Let k be (-10)/(0 - (-2)/c). Calculate the greatest common factor of 5 and k.
5
Suppose 4*g - 5*a - 175 = 0, 2*a + a = -4*g + 183. Calculate the highest common divisor of 9 and g.
9
Suppose -n + 3*j + 8 = 4*j, -4*j = -n + 8. Calculate the highest common divisor of 8 and n.
8
Let v be 190/4*8/10. Suppose l - 3*h - 27 = -4*h, 4*h = -l + 24. Let g = v + l. What is the highest common factor of 6 and g?
6
Suppose -t + 4*t - 9 = 0. Suppose -2*z - 35 = -4*o + 19, o - 6 = t*z. Let k be 1569/21 - 2/(-7). Calculate the highest common divisor of o and k.
15
Suppose -4*c + 11 = -17. What is the highest common divisor of 35 and c?
7
Let k be ((-3)/(-4))/(2/8). Let d(z) = 3 + 3 + 0*z + 0 + 8*z**2 - 5*z - z**k. Let o be d(7). Calculate the highest common divisor of 10 and o.
10
Suppose -3*r + 5*r = 42. Suppose -5*v + 0*v = -15. What is the greatest common divisor of v and r?
3
Let y(x) = -x**3 - 4*x**2 - 7*x - 6. Let w be y(-4). Let a = -117 - -359. What is the greatest common divisor of a and w?
22
Let x = 27 + -18. What is the greatest common factor of x and 1?
1
Let v be 4 + 3 + 105 + 5. What is the greatest common factor of 26 and v?
13
Let w(b) be the first derivative of b**2/2 + 11*b - 3. Let y be w(-5). Calculate the highest common factor of 24 and y.
6
Let f = 9 + -6. Suppose 0 = -2*w - 4, 5*w = -f*j - j - 2. What is the highest common factor of j and 4?
2
Let k be (-4)/(-1) - 2/(-1). Suppose -3*m + 2*m = -k. Calculate the highest common factor of 18 and m.
6
Let w = 50 + -43. What is the highest common divisor of w and 1?
1
Suppose -7*v + 46 + 24 = 0. Calculate the highest common divisor of v and 30.
10
Let k(l) = l**3 + 7*l**2 - 8*l + 8. Let r be k(-8). Calculate the highest common factor of r and 1.
1
Let k(o) be the second derivative of -o**4/12 + 2*o**3/3 - o**2/2 - 2*o. Let x be k(4). Let y = x + 13. Calculate the highest common divisor of 4 and y.
4
Suppose 5*w = -0*w + 25. Let b(p) = p + 1. Let s(r) = -4*r - 9. Let j(k) = 5*b(k) + s(k). Let c be j(w). What is the greatest common factor of 5 and c?
1
Let u(x) = x**2 + x + 6. Let k be u(6). Let a(m) = 2*m**2 - 8*m + m**2 - 3 - 4*m**2. Let j be a(-5). Calculate the highest common divisor of k and j.
12
Suppose 0 = -3*f - 2*m - 566 + 1846, 2*m = -4*f + 1706. Let z be 3/4 + f/8. Let x = z - 22. Calculate the highest common divisor of x and 4.
4
Let s(i) = i**3 + 5*i**2 + 4*i + 2. Let l be s(-4). Suppose -5*a = l*q - a - 12, 0 = 3*q + 3*a - 30. Calculate the greatest common factor of q and 7.
7
Let o(a) = 3*a - 11. Let h be o(9). Calculate the greatest common factor of h and 32.
16
Suppose w - 4*q + 6 = 0, 3*w - q - 7 = 8. Suppose -h - 3*j + w = 0, -j - 3*j = -h + 27. Let z = -9 + h. What is the greatest common factor of 54 and z?
6
Let a = -9 - -36. Let k(p) = 2*p**3 + 2*p**2 - 2*p - 2. Let q = -4 + 6. Let o be k(q). Calculate the greatest common divisor of o and a.
9
Suppose 5*y + c - 3*c = 35, -c = -5. What is the highest common divisor of y and 45?
9
Suppose 4*l = 8*l - 280. Calculate the highest common factor of 28 and l.
14
Suppose 3*d = 4*q - 817, -193 = -q - 0*d + 3*d. Calculate the greatest common factor of 26 and q.
26
Suppose 0 = -11*g - 4*g + 780. Calculate the highest common factor of 4 and g.
4
Suppose 20 = 3*w - 8*w. Let k be 11*2*6/w. Let t be (-6)/(-3) + -1 - k. Calculate the greatest common divisor of 85 and t.
17
Let g be 2*(-4 + 3) + 2. Suppose -7 = -g*m - m. What is the greatest common divisor of 63 and m?
7
Let k(j) = -j**2 + 10*j - 8. Let q = 13 - 5. Let r be k(q). What is the greatest common factor of 64 and r?
8
Let c(x) = 5*x**3 - x**2 - x + 1. Let k be c(1). Let b = 2 + 1. Let f be 1/b - 236/(-12). Calculate the highest common factor of k and f.
4
Let q be -1 - ((2 - 3) + 0). Suppose s + q*s = 12. Calculate the highest common divisor of s and 6.
6
Let j be (-2)/((-3)/6 - 0). Let d(c) = -5 - 4 - 5*c + 11*c**2 + 5. Let y be d(j). Calculate the greatest common factor of 19 and y.
19
Let x be 6/4 + 27/18. What is the highest common factor of 12 and x?
3
Suppose 5 = 3*r + 2*o, -r = -5*o - 13 - 17. Calculate the greatest common factor of r and 5.
5
Let u(i) = i**2 + 14*i + 33. Let g be u(-13). What is the highest common factor of 30 and g?
10
Let x = -23 - -79. What is the greatest common factor of x and 16?
8
Let r(n) = -3*n + 5. Let c be r(-8). Let k(o) = 3*o**2 + 2. Let b be k(-3). Calculate the greatest common divisor of c and b.
29
Let h be -2*5/(25/(-70)). What is the highest common divisor of 4 and h?
4
Let y(s) = -2*s + 8. Let a be y(-4). Let x = -10 - -26. Calculate the highest common divisor of x and a.
16
Let c be (-1)/((-40)/(-14) + -3). Calculate the highest common factor of 7 and c.
7
Let x(d) = -2*d**2 - 24*d + 12. Let h be x(-12). What is the highest common factor of 300 and h?
12
Let f = -1 + 6. Let i be 36/(f + -3) - -2. Calculate the greatest common divisor of i and 5.
5
Suppose 4*d = -126 - 58. Let z = d + 13. Let h = -23 - z. Calculate the highest common factor of 90 and h.
10
Suppose 7*c - 8 = 3*c. Suppose m = i - 6, -3*i + 22 = c*i + 3*m. Let u = i + 15. Calculate the highest common factor of u and 4.
4
Let r(m) = 4*m - 12. Let c(x) = x - 3. Let o(y) = 9*c(y) - 2*r(y). Let t be o(11). What is the highest common factor of t and 32?
8
Suppose 2*d + 23 = 7. Let v = 12 + d. Suppose v*b - 50 = 2*b. Calculate the greatest common divisor of 10 and b.
5
Let k be (-224)/6 + 8/(-12). Let t = 54 + k. Calculate the greatest common divisor of t and 2.
2
Let x be (-168)/7*34/(-6). Suppose -2*t + 26 = 2*r, -2*t + 3*t - 47 = -3*r. Calculate the greatest common factor of r and x.
17
Suppose -3*q = -4*b + 570, 3*b + 5*q + 302 = 744. Let k(h) = -54*h. Let p be k(-1). Let w = p - 38. Calculate the highest common divisor of w and b.
16
Suppose 0 = h + 3*w - 40, 3*w - 8 + 80 = 3*h. Let f = 2 + 5. Calculate the highest common divisor of f and h.
7
Let d(x) = x**3 - 4*x**2 + 5*x + 2. Let w be d(4). Suppose -2*a + w + 0 = 0. Suppose 0*i = i - a. What is the highest common divisor of 22 and i?
11
Let l be 2/3 - 32/(-6). Calculate the highest common divisor of l and 1.
1
Let u(b) = 108*b**3 - 2*b**2 - b. Let x be u(-1). Let j = 17 - x. Let g(f) = -15*f - 1. Let w be g(-1). Calculate the highest common divisor of j and w.
14
Let l be 310/8 - ((-9)/(-4))/(-9). What is the greatest common factor of l and 13?
13
Let p = -4 - -10. Calculate the highest common factor of p and 42.
6
Suppose -15*p = -12*p - 108. What is the highest common factor of p and 54?
18
Let y(x) = 3*x**2 + 2*x**3 - 2*x**2 - 3 - 